b*k = -4*l + 5. Suppose l*j = 5*g + 220, 4*g + 20 = 9*g. What is the tens digit of j?
4
Suppose -4*b = -5*f - 580, -f - 201 = -2*b + 83. Suppose -b = -2*t + 22. What is the units digit of t?
1
Let k be (-14)/21*21/(-2). Let d be 0 + k/(21/(-12)). Let s = d - -56. What is the units digit of s?
2
Let j(t) = -t + 1. Let k(f) = -8*f + 1. Let y(r) = 31*r - 3. Let h(p) = 9*k(p) + 2*y(p). Let w(x) = -h(x) - 3*j(x). What is the units digit of w(3)?
3
Let d = 1189 + -902. What is the hundreds digit of d?
2
Let y be ((-6)/(-12))/(1/24). Suppose 3*s = y + 36. Suppose 0 = 4*j + 16, -s = -0*l - l + j. What is the tens digit of l?
1
Let s(j) = j + 45. Suppose -3*w + 4*w + 4*q - 17 = 0, 0 = -4*q. Let c = 17 - w. What is the units digit of s(c)?
5
What is the tens digit of (24/(-32))/(30/(-112720))?
1
Let j = 13 + -8. Suppose -4*z + 3 - 15 = -4*v, v + j*z = 9. Suppose t - 5*r = 2*t - 9, v*t + 2*r - 36 = 0. What is the units digit of t?
9
Suppose -7*x + 5*x = 4, 4 = j - 3*x. What is the units digit of (-3024)/(-18) - j/(-2)?
7
Let l = -28 + 96. Suppose -c - c = -4*s - 22, -3*c - s = -l. What is the units digit of c?
1
Suppose 43*c - 135*c + 120888 = 0. What is the hundreds digit of c?
3
Let j = -22 - -27. Let w(s) = -s**2 + 5*s. Let i be w(j). What is the units digit of (-12 - -65) + -4 + i?
9
Let y be ((-8)/(-6))/(14/(-42)). What is the tens digit of -1*5/20 + (-369)/y?
9
What is the hundreds digit of (7 - (-140)/(-10)) + 2146?
1
Let m(b) = b**3 + 7*b**2 + 7*b + 5. Let x be m(-6). Let r be x/(-3)*(-5 - -17). Suppose -s - 2*d = d - 69, -r*d = -2*s + 128. What is the tens digit of s?
6
What is the hundreds digit of (-1)/4 + 2257/4 - -1?
5
Suppose 2*f - 11 + 3 = 0. What is the units digit of f/10 + (-2926)/(-35)?
4
Suppose -45*m - 368 = -46*m. What is the hundreds digit of m?
3
Let f(h) = h**2 - 1. Let v(u) = 2*u**2 - 2. Let z(q) = 9*f(q) - 4*v(q). Let j be z(-1). What is the units digit of -3 + ((-14)/(-2) - j)?
4
Let g be ((-2)/3)/((-10)/45). Suppose 0*s + g*y = s - 84, 3*s - 240 = -3*y. What is the units digit of s?
1
Let s(c) be the first derivative of 4 - 2*c + 1/3*c**3 - 5/2*c**2. What is the units digit of s(8)?
2
Let f = -49 + 33. Let a be (-1*1)/((-4)/f). Let n = a + 77. What is the tens digit of n?
7
Suppose 0 = -28*y + 87*y - 89326. What is the tens digit of y?
1
Let k(f) = f**2 + 10*f + 13. Let b be k(-9). Suppose r + b*r - 150 = 0. Suppose -3*t + r = -0*t. What is the units digit of t?
0
What is the units digit of 64/1 - (10 - 35/7)?
9
Suppose 5*k = 0, k = -0*d - 2*d + 22. Let u = 26 - d. What is the tens digit of u?
1
Suppose w - 1513 = 1375. What is the units digit of w?
8
Let p = -881 + 1394. What is the hundreds digit of p?
5
Let z be 28*(-84)/32*-6. Suppose -4*p + 63 = -z. Suppose 2*n - p = -5*n. What is the tens digit of n?
1
Let j(r) be the first derivative of r**2/2 - r + 2. Suppose -16 = v - 5*v. What is the units digit of j(v)?
3
Suppose 0 = -4*l + 2*l. Suppose l*q - 5 = -q. Let y(x) = x**3 - 5*x**2 + 6*x - 4. What is the units digit of y(q)?
6
Let y(b) = 21*b**2 + 12*b + 25. What is the tens digit of y(-5)?
9
Let h(o) = -o**2 - 23*o + 55. Let l be h(-25). What is the units digit of 87 - -6*l/10?
0
Let w(x) = x**2 - 3*x + 2. Let t(k) = -k**2 + 3*k - 1. Let z(m) = -2*t(m) - 3*w(m). Let r be z(3). What is the units digit of 1 + -5 + (4 - r)?
4
Let v = -3 - -13. Let a(t) = -t**3 + 10*t**2 - t + 14. Let y be a(v). Suppose -44 = y*z - 196. What is the tens digit of z?
3
Suppose -5*s + y = 301, 0 = 3*s + 4*y - y + 195. Let v be (-524)/16 + (-1)/4. Let k = v - s. What is the tens digit of k?
2
Suppose 5*h - p - 3106 = 0, 82*p = 3*h + 83*p - 1870. What is the hundreds digit of h?
6
Suppose 2*o = 5*i + 25, 11*i - 12*i + 49 = 5*o. What is the units digit of o?
0
Suppose -3 + 15 = 4*l. Suppose 9*u = l*u + 390. What is the units digit of u?
5
What is the hundreds digit of 984/4 + -1 + -7 + 4?
2
Let k(z) = -3*z**2 + 13*z - 16. Let m be k(8). Let l = m - -244. What is the units digit of l?
0
Suppose -l + 6 = -0. Suppose 25 = 5*w - 5*r, -l = -w + 2*r - 0. What is the units digit of w?
4
Suppose 3*f = 2*f + 7. Suppose f*r - 16 = 131. What is the tens digit of r?
2
Let a = 7 - 3. Suppose p + 5 = a, r + 4*p = 0. What is the units digit of r?
4
Let s be -12 - ((-6)/(-1))/3. Let i = -14 - s. What is the units digit of 29 + (i - (-3 + 2))?
0
Let n(t) = 8*t - 5*t - 7 - 9*t. What is the tens digit of n(-4)?
1
Let o(z) = z**2 - 17*z + 12. Let d be (-2)/11 - (-936)/66. Let v(x) = x + 3. Let u be v(d). What is the tens digit of o(u)?
1
Let q(i) = -2*i - 5. Let l be q(-4). Let n = l + -5. What is the units digit of -3 + 4*(-5)/n?
7
Let r(z) = -z + 2. Let d be r(11). Let p = d + 53. Suppose 0 = 2*q - p - 48. What is the units digit of q?
6
Let f = -485 + 679. What is the units digit of f?
4
Let i = 58 + -38. Suppose -4*o = i, 2*h + 3*o + o = 52. What is the units digit of h?
6
Let w = -134 + 191. What is the tens digit of w?
5
Let p = 46 - 63. Suppose 0*z - 5*z + 12 = -r, -16 = 4*r - 4*z. What is the tens digit of ((-1)/r)/(p/(-1156))?
3
Suppose -14*m + 533 = -m. What is the units digit of m?
1
Let u(s) = 65*s + 4. Let n be u(1). Let m = n - 41. What is the units digit of m?
8
Suppose -3*r = -5 - 4. Suppose f + r*f - 236 = 0. What is the units digit of f?
9
Let c(l) = 72*l**2 - 4*l - 23. What is the thousands digit of c(-5)?
1
What is the tens digit of (102/(-8))/(9/(-1716)*1)?
3
Suppose 0 = -7*n + 56 - 0. Suppose 2*g - 740 = -n*g. What is the tens digit of g?
7
Suppose 2 = -4*g + 10. Suppose 2*h + 3*h = 0, 22 = g*v - 5*h. What is the tens digit of v?
1
Let x = 30 + 0. Let r(l) = -x*l + 13*l + 9 + 19*l + l**2. What is the units digit of r(-4)?
7
Let o = 12 - 7. Suppose o*k = s + 3*s + 15, 5*k + 3*s = 15. Let y = k + 13. What is the units digit of y?
6
Suppose -3*h + 28 = 2*c - h, 3*c - 3*h = 48. Suppose g - c = -2*q, 0*g = -3*q + g + 20. What is the units digit of q?
7
Suppose z = 3*h - 367, -2*z + 3*z = 2*h - 243. Suppose -2*k + h + 52 = 0. What is the units digit of k?
8
Let z be (-2)/8 + (-459)/68. Let s(p) = p**3 + 10*p**2 + 11*p + 14. What is the tens digit of s(z)?
8
Let n(d) = 13*d + 6. Let g be n(4). Let h = 0 + g. What is the units digit of h?
8
What is the units digit of (-343)/28*(-19 - -7)?
7
Suppose -1279 - 2279 = -6*b. What is the tens digit of b?
9
Suppose c - 4 = -0*c + y, 0 = 5*c + y - 8. Suppose 0*b + 224 = c*b + 3*z, 547 = 5*b + z. What is the tens digit of b?
0
Let q = -1398 + 2021. What is the hundreds digit of q?
6
Suppose 5*h + 4*u = -u + 85, -4*h - 5*u = -67. Suppose -3*w - 51 = 3*j, j - 57 = 3*w - h. Let y = w - -62. What is the units digit of y?
8
Let n(m) = -m**2 + 9*m + 4. Let d be n(9). What is the tens digit of 159/d - (-9)/(-12)?
3
Let o = -11 + 14. Suppose t + 1053 = 5*m - 3*t, o*m + 5*t - 654 = 0. What is the tens digit of m?
1
Let r be ((-76)/(-95))/((-4)/(-30)). What is the units digit of r/27 + 3365/45?
5
Suppose 2*t = -7 + 37. What is the units digit of t?
5
Suppose -2*n + 0*n + 4 = 0. Suppose -d = 2 - 5. Suppose -24 = n*f - d*f. What is the units digit of f?
4
Suppose -264 = -3*t + 2*h, -5*t = 3*h - 86 - 335. What is the units digit of t?
6
Suppose 3 = j, 0 = 21*o - 18*o - 5*j - 6663. What is the hundreds digit of o?
2
Suppose -5*l - v - 7 = -4*l, 0 = -5*l - v - 55. Let q be (1/3)/(l/144). Let d = 31 - q. What is the units digit of d?
5
Suppose -q = -2*v + 5*v - 14, -3*v + 34 = 5*q. Suppose -5*x - v*s = -249, 0 = -4*x + 6*x + 2*s - 98. What is the tens digit of x?
5
Suppose 4*y = -3*y - 91. Let j(p) = -p**3 - 11*p**2 + 14*p - 14. What is the hundreds digit of j(y)?
1
Let h = -5 + 10. Suppose -4 = -h*s + 6. Suppose s*r = r + 20. What is the units digit of r?
0
Let d be (3 + 7/(-2))*0. Let p = 10 + -7. Suppose 4*l + p*j - j - 144 = 0, d = -l - 3*j + 31. What is the tens digit of l?
3
What is the units digit of (-17)/((-374)/(-1023))*(-1072)/12?
4
Let a(s) = -4*s**3 - s. Let w be a(-1). Suppose 0 = -w*f - 4 - 1. What is the units digit of (-1 + -2)/(1/f)?
3
Let i(s) = 7*s + 179. Let z be 1/2*(0/5)/1. What is the units digit of i(z)?
9
Let f = -19 + 17. Let i = f + 4. Suppose -3*v - i*q = -q - 31, 5*q - 23 = -4*v. What is the units digit of v?
2
Let q(f) = 7*f**2 - 27*f + 137. What is the units digit of q(10)?
7
Suppose 1757 = 2